ctors of v?
2
Let y(x) = 2*x + 3. Let p be y(3). Suppose -2*w + 7 = -p. What are the prime factors of w?
2
What are the prime factors of 3575/20 + (-12)/16?
2, 89
Suppose -4*f + 182 = -162. List the prime factors of f.
2, 43
Let b = 4 + 0. Suppose -n + 5 = b*a + 4, -4*a + 3*n + 13 = 0. Let t = a - -2. What are the prime factors of t?
3
Let u(m) = m**2 + 3*m - 1. Let q be u(-4). Suppose -3*c = 4*i + 34, 2*i - 32 = -0*c + 2*c. What are the prime factors of (q/6 - 1)*c?
7
Let c(z) = -z**2 - 22*z + 37. List the prime factors of c(-21).
2, 29
List the prime factors of 4 + (-1 - 0 - 6) - -97.
2, 47
Suppose c + 0*v = 3*v + 6, -8 = -3*c - v. Suppose -c*b - 3*d + 114 = 2*b, -3*b + 66 = d. What are the prime factors of b?
3, 7
Suppose 32 = 2*v - 2*x, -29 = -2*v - 0*v + 5*x. Suppose -5*j = -0*f + f - v, -5*j = 2*f - 14. What are the prime factors of f/(-12) + 102/8?
13
Let a(n) = -4 + 1 + 8*n + 3 - 3. What are the prime factors of a(2)?
13
Let y be 6*2*1/3. Suppose 2*d = y*d. Suppose -3*p + p + 14 = d. What are the prime factors of p?
7
Let c = 16 + -10. Let z(b) = -b**2 + 8*b - 3. What are the prime factors of z(c)?
3
Suppose -3*z + 2*z = -49. List the prime factors of z.
7
Let w = -6 + 8. Suppose 3 = j - w. Suppose -7*y + 2*y = j*a - 15, -y + 2*a + 3 = 0. What are the prime factors of y?
3
Suppose 4*y = y - 3*a + 36, -a + 2 = 0. Suppose 5*c - n = 4*n - y, 4*c = 2*n - 10. List the prime factors of -1 - c - (2 + -3).
3
Suppose 2*j - 4*f = -j + 4, -12 = -4*j + 2*f. Suppose u + 8 - j = 0. Let p = u - -10. What are the prime factors of p?
2, 3
Let y be 3/(-1) + 0 + 6. Suppose c - 12 = 3*o, 5*c = y*c + 2*o + 20. List the prime factors of c.
3
Suppose -4*r + 45 = r. Suppose -b = -r - 2. What are the prime factors of b?
11
Suppose 1 - 31 = -2*j. Let p = -4 + j. Suppose b - 18 - p = -3*i, -2*i + 3*b = -23. What are the prime factors of i?
2, 5
List the prime factors of 0 + 3 + -2 - -52.
53
Suppose 3*l - 19 = -u, -3*l = 3*u - 10 - 23. List the prime factors of u.
7
Let n be (2/2)/((-3)/(-354)). Suppose 6*c - c = -3*d + n, 4 = -d. What are the prime factors of c?
2, 13
List the prime factors of 57/(3/(-2)*-1).
2, 19
Let o be (4/(-8))/((-2)/4). Suppose o = -h - 1. Let n(j) = -5*j. List the prime factors of n(h).
2, 5
Suppose 0 = 4*d + 4*g - 287 - 17, 4*g + 146 = 2*d. List the prime factors of d.
3, 5
Suppose m + 2 = -4*m - 3*y, -m = 5*y + 18. Suppose m*p - p = 14. What are the prime factors of p?
2, 7
Suppose 2*o = -2*u + 20 - 8, -o = 2*u - 8. Suppose 7 - 17 = -u*g. List the prime factors of 41/g - 6/30.
2
Let k(p) = 3*p**2 - 22*p + 17. List the prime factors of k(9).
2, 31
Suppose 5*i - 2*k - 3*k = -155, -2*i - 4*k - 32 = 0. Let q be 4*3/((-12)/i). Let r = q - 15. List the prime factors of r.
11
Suppose 0 = 15*z - 456 - 4149. List the prime factors of z.
307
Let s = -36 + 89. What are the prime factors of s?
53
Let o(b) be the second derivative of -1/6*b**3 + 0 + 1/3*b**4 + 3/2*b**2 + 1/20*b**5 + 4*b. List the prime factors of o(-4).
7
What are the prime factors of (70/25)/((-2)/(-50))?
2, 5, 7
Suppose 23 = i - 3*u - 0*u, 0 = 5*i - 2*u - 128. What are the prime factors of i?
2, 13
Let n = 13 - 8. Suppose 0 = n*t + 10, -f + t = -t - 11. List the prime factors of f.
7
Suppose -4*c - 13 + 21 = 0. Suppose -6*h + h + 3*z + 63 = 0, -z + 23 = c*h. What are the prime factors of h?
2, 3
Let b(p) = 99*p**3 + p**2. List the prime factors of b(1).
2, 5
Let v be (-16)/(-6) + (-2)/3. List the prime factors of v/(-3)*108/(-6).
2, 3
Let n = -97 + 24. List the prime factors of n/(-5) + (-14)/(-35).
3, 5
Suppose -2*q + 5*l = -21, -2*l - 3 - 10 = -q. List the prime factors of q.
23
Let t(s) = 7*s**2 + 4*s - 5. What are the prime factors of t(2)?
31
Let q = 14 + -11. Let m = 27 - q. List the prime factors of m.
2, 3
Let a = 53 + 70. What are the prime factors of a?
3, 41
Suppose 66 = -2*t + 204. Suppose -9*u = -6*u - t. List the prime factors of u.
23
Let o(f) be the third derivative of f**5/30 - f**4/24 + 2*f**3/3 - 3*f**2. What are the prime factors of o(-3)?
5
Let o(l) = -2*l - 10. Let d be o(-7). Suppose c = -d*c + 5. What are the prime factors of -4*(1/(-2) - c)?
2, 3
Let s(i) = -2*i + 26. What are the prime factors of s(10)?
2, 3
Suppose -2*j - 9 = i, -j = 5*i + 4*j + 35. List the prime factors of 10 - 9/(i - -2).
13
Let o = 137 + -116. List the prime factors of o.
3, 7
Suppose -3*p - 248 = -5*s - p, 0 = -2*s - p + 92. List the prime factors of s.
2, 3
Suppose -255 = -4*t - u - 4*u, -3*u + 69 = t. List the prime factors of t.
2, 3, 5
Suppose m = -0*m + 15. What are the prime factors of m?
3, 5
Let g(h) = 1. Let s(x) = -x**2 - 6*x - 6. Let q = -6 + 11. Let f(o) = q*g(o) + s(o). What are the prime factors of f(-4)?
7
Let i(w) = w**3 - 6*w**2 + 5*w - 3. Let a be i(6). Let x = -3 + a. What are the prime factors of x?
2, 3
Suppose 4*r - 16 = -0*r. Suppose -4*q = r*x - 36, -4*q = -4*x - 0 + 4. Suppose f - 3*j - q = 0, -5*f + 0*f - 4*j + 58 = 0. What are the prime factors of f?
2, 5
Suppose s + 0*s = -4. Let n(h) = -4*h + 1 + 3 + 3*h. What are the prime factors of n(s)?
2
Let f = -62 - -111. List the prime factors of f.
7
Suppose -2*v + 2*p = -120, -3*p - p = 16. What are the prime factors of v?
2, 7
Suppose v + 4*v = 245. Let f = -19 + v. What are the prime factors of f?
2, 3, 5
Suppose -15 = -3*n + 6*n. Let f = n - -4. Let z = 4 + f. List the prime factors of z.
3
Let r = 22 + -13. Let t = 8 + r. List the prime factors of t.
17
Let g = -56 - -284. What are the prime factors of g?
2, 3, 19
Let t be 30/(1 + 2) + 1. Let a = 7 + t. List the prime factors of a.
2, 3
Let d = -10 + 6. Let p be (-8)/(-44) - d/(-22). Suppose p = g + 3*n - 24, g + 5*n - 82 = -3*g. List the prime factors of g.
2, 3
Suppose 1 = l + 9. Suppose f - 54 = -5*s + 13, 5*s - 5*f - 55 = 0. Let x = l + s. What are the prime factors of x?
5
Let b = 25 + -12. Suppose -i - b = 5. Let z = -13 - i. What are the prime factors of z?
5
Suppose 40 + 116 = -4*s. Let b be s/6 + (-2)/4. Let n(u) = -u**3 - 6*u**2 + 5*u. What are the prime factors of n(b)?
2, 7
Let o = -61 - -207. Suppose -41 = 5*l - o. What are the prime factors of l?
3, 7
Let j be 4 + -1 + (-3 - -4). Suppose 0 = -2*x - 4*m + j, 4*x - 4 = m + 13. Suppose -3*h + 7*h - 4*q - 68 = 0, -5*q - 73 = -x*h. List the prime factors of h.
2, 3
Let a(p) = 10*p + 2. Let z be a(-1). Let i(j) = 2*j**2 + 11*j - 4. What are the prime factors of i(z)?
2, 3
Suppose 9*u - 11 - 115 = 0. List the prime factors of u.
2, 7
Let i(o) be the second derivative of o**4/12 + 2*o**3/3 - o**2/2 + 2*o. What are the prime factors of i(-5)?
2
Let t(y) be the second derivative of -4/3*y**3 + 11/2*y**2 + 0 + y + 1/20*y**5 - 2/3*y**4. What are the prime factors of t(9)?
2, 5
Let b = 14 + -13. What are the prime factors of 44/3 + b/3?
3, 5
Let w be 0 + 2 + (0 - -2). Suppose -w*g + q = -3, 3*g + 4*q = -2 - 10. Suppose -3*l + 7 = -5*d, 19 = 5*l - d - g*d. List the prime factors of l.
2
Suppose 4*w + w + 8 = 3*h, -2*w = h + 12. List the prime factors of (6 - (-1 - h)) + 15.
2, 3
Let f = -5 + 8. Suppose 4*o = f*b - 40, -4*b + o + 61 = b. Suppose -2*p + 10 = -b. What are the prime factors of p?
11
Let q(z) = -z**3 - 3*z**2 + z + 3. Suppose -4*r - 14 = 2. List the prime factors of q(r).
3, 5
Suppose 2*z + 2*t = -0*t + 90, -t = -5*z + 195. List the prime factors of z.
2, 5
Let j = 7 - 15. Let o be (-12)/(-8)*j/(-3). Suppose -28 - 16 = -o*h. What are the prime factors of h?
11
Let r be ((-14)/21)/((-4)/6). Let q = r - -9. What are the prime factors of q?
2, 5
Let j = 241 - 111. Suppose 4*f - j = -26. Let n = -14 + f. What are the prime factors of n?
2, 3
Suppose 4*g = 5*q - 320, -4*q + 0*q = -5*g - 391. Let d = 120 + g. List the prime factors of d.
3, 5
Suppose -4*p = a - 13, p + 3*a - 8 = -2*a. Suppose -k - p*k + 8 = 0. What are the prime factors of k?
2
Let s be 2/6 - (-32)/(-6). Let r = 14 + s. What are the prime factors of -3*((-60)/r)/2?
2, 5
Let f(d) = -22*d + 7. What are the prime factors of f(-7)?
7, 23
List the prime factors of 22 + (-1 - (-20)/5).
5
Let m = 21 + -18. Let p(o) = 7*o + 3. What are the prime factors of p(m)?
2, 3
Let y be -2 + (-42)/9*-6. Suppose -n - 4*n + y = b, -2*b - 5*n = -27. Suppose -x = g - 8 + b, -x - 3*g = -13. List the prime factors of x.
2
Suppose -4*y + 6 = -n, 4*y = 3*n